{"id":825,"date":"2014-11-26T12:05:56","date_gmt":"2014-11-26T10:05:56","guid":{"rendered":"https:\/\/www.galeriegrenadine.com\/angers\/wp-content\/uploads\/sites\/12\/2014\/09\/Photographe-enfant-et-b\u00e9b\u00e9-3.jpg"},"modified":"2015-04-24T12:45:24","modified_gmt":"2015-04-24T10:45:24","slug":"photographe-enfant-et-bebe-3","status":"inherit","type":"attachment","link":"https:\/\/www.galeriegrenadine.com\/angers\/photographe\/photographe-enfant-et-bebe-3\/","title":{"rendered":"Photographe enfant et b\u00e9b\u00e9-3"},"author":2,"featured_media":0,"comment_status":"open","ping_status":"closed","template":"","meta":{"_et_pb_use_builder":"","_et_pb_old_content":"","_et_gb_content_width":"","_uf_show_specific_survey":0,"_uf_disable_surveys":false},"class_list":["post-825","attachment","type-attachment","status-inherit","hentry"],"description":{"rendered":"<p class=\"attachment\"><a href='https:\/\/www.galeriegrenadine.com\/angers\/wp-content\/uploads\/sites\/12\/2014\/09\/Photographe-enfant-et-b\u00e9b\u00e9-3.jpg'><img decoding=\"async\" width=\"600\" height=\"400\" src=\"https:\/\/www.galeriegrenadine.com\/angers\/wp-content\/uploads\/sites\/12\/2014\/09\/Photographe-enfant-et-b\u00e9b\u00e9-3-600x400.jpg\" class=\"attachment-medium size-medium\" alt=\"Photographe enfant et b\u00e9b\u00e9 77\" \/><\/a><\/p>\n"},"caption":{"rendered":""},"alt_text":"Photographe enfant et b\u00e9b\u00e9 77","media_type":"image","mime_type":"image\/jpeg","media_details":{"width":1498,"height":1000,"hwstring_small":"height='85' width='128'","file":"2014\/09\/Photographe-enfant-et-b\u00e9b\u00e9-3.jpg","sizes":{"thumbnail":{"file":"Photographe-enfant-et-b\u00e9b\u00e9-3-300x200.jpg","width":300,"height":200,"mime_type":"image\/jpeg","source_url":"https:\/\/www.galeriegrenadine.com\/angers\/wp-content\/uploads\/sites\/12\/2014\/09\/Photographe-enfant-et-b\u00e9b\u00e9-3-300x200.jpg"},"medium":{"file":"Photographe-enfant-et-b\u00e9b\u00e9-3-600x400.jpg","width":600,"height":400,"mime_type":"image\/jpeg","source_url":"https:\/\/www.galeriegrenadine.com\/angers\/wp-content\/uploads\/sites\/12\/2014\/09\/Photographe-enfant-et-b\u00e9b\u00e9-3-600x400.jpg"},"medium_large":{"file":"Photographe-enfant-et-b\u00e9b\u00e9-3-768x512.jpg","width":768,"height":512,"mime_type":"image\/jpeg","source_url":"https:\/\/www.galeriegrenadine.com\/angers\/wp-content\/uploads\/sites\/12\/2014\/09\/Photographe-enfant-et-b\u00e9b\u00e9-3-768x512.jpg"},"large":{"file":"Photographe-enfant-et-b\u00e9b\u00e9-3-1024x1000.jpg","width":1024,"height":1000,"mime_type":"image\/jpeg","source_url":"https:\/\/www.galeriegrenadine.com\/angers\/wp-content\/uploads\/sites\/12\/2014\/09\/Photographe-enfant-et-b\u00e9b\u00e9-3-1024x1000.jpg"},"shop_thumbnail":{"file":"Photographe-enfant-et-b\u00e9b\u00e9-3-300x200.jpg","width":300,"height":200,"mime_type":"image\/jpeg","source_url":"https:\/\/www.galeriegrenadine.com\/angers\/wp-content\/uploads\/sites\/12\/2014\/09\/Photographe-enfant-et-b\u00e9b\u00e9-3-300x200.jpg"},"shop_catalog":{"file":"Photographe-enfant-et-b\u00e9b\u00e9-3-420x280.jpg","width":420,"height":280,"mime_type":"image\/jpeg","source_url":"https:\/\/www.galeriegrenadine.com\/angers\/wp-content\/uploads\/sites\/12\/2014\/09\/Photographe-enfant-et-b\u00e9b\u00e9-3-420x280.jpg"},"shop_single":{"file":"Photographe-enfant-et-b\u00e9b\u00e9-3-768x512.jpg","width":768,"height":512,"mime_type":"image\/jpeg","source_url":"https:\/\/www.galeriegrenadine.com\/angers\/wp-content\/uploads\/sites\/12\/2014\/09\/Photographe-enfant-et-b\u00e9b\u00e9-3-768x512.jpg"},"bloom_image":{"file":"Photographe-enfant-et-b\u00e9b\u00e9-3-600x400.jpg","width":600,"height":400,"mime_type":"image\/jpeg","source_url":"https:\/\/www.galeriegrenadine.com\/angers\/wp-content\/uploads\/sites\/12\/2014\/09\/Photographe-enfant-et-b\u00e9b\u00e9-3-600x400.jpg"},"et-pb-post-main-image":{"file":"Photographe-enfant-et-b\u00e9b\u00e9-3-420x280.jpg","width":420,"height":280,"mime_type":"image\/jpeg","source_url":"https:\/\/www.galeriegrenadine.com\/angers\/wp-content\/uploads\/sites\/12\/2014\/09\/Photographe-enfant-et-b\u00e9b\u00e9-3-420x280.jpg"},"et-pb-post-main-image-fullwidth":{"file":"Photographe-enfant-et-b\u00e9b\u00e9-3-1080x720.jpg","width":1080,"height":720,"mime_type":"image\/jpeg","source_url":"https:\/\/www.galeriegrenadine.com\/angers\/wp-content\/uploads\/sites\/12\/2014\/09\/Photographe-enfant-et-b\u00e9b\u00e9-3-1080x720.jpg"},"et-pb-portfolio-image":{"file":"Photographe-enfant-et-b\u00e9b\u00e9-3-420x280.jpg","width":420,"height":280,"mime_type":"image\/jpeg","source_url":"https:\/\/www.galeriegrenadine.com\/angers\/wp-content\/uploads\/sites\/12\/2014\/09\/Photographe-enfant-et-b\u00e9b\u00e9-3-420x280.jpg"},"et-pb-portfolio-module-image":{"file":"Photographe-enfant-et-b\u00e9b\u00e9-3-510x340.jpg","width":510,"height":340,"mime_type":"image\/jpeg","source_url":"https:\/\/www.galeriegrenadine.com\/angers\/wp-content\/uploads\/sites\/12\/2014\/09\/Photographe-enfant-et-b\u00e9b\u00e9-3-510x340.jpg"},"et-pb-portfolio-image-single":{"file":"Photographe-enfant-et-b\u00e9b\u00e9-3-1080x720.jpg","width":1080,"height":720,"mime_type":"image\/jpeg","source_url":"https:\/\/www.galeriegrenadine.com\/angers\/wp-content\/uploads\/sites\/12\/2014\/09\/Photographe-enfant-et-b\u00e9b\u00e9-3-1080x720.jpg"},"et-pb-gallery-module-image-portrait":{"file":"Photographe-enfant-et-b\u00e9b\u00e9-3-400x600.jpg","width":400,"height":600,"mime_type":"image\/jpeg","source_url":"https:\/\/www.galeriegrenadine.com\/angers\/wp-content\/uploads\/sites\/12\/2014\/09\/Photographe-enfant-et-b\u00e9b\u00e9-3-400x600.jpg"},"shop-grid":{"file":"Photographe-enfant-et-b\u00e9b\u00e9-3-420x280.jpg","width":420,"height":280,"mime_type":"image\/jpeg","source_url":"https:\/\/www.galeriegrenadine.com\/angers\/wp-content\/uploads\/sites\/12\/2014\/09\/Photographe-enfant-et-b\u00e9b\u00e9-3-420x280.jpg"},"full":{"file":"Photographe-enfant-et-b\u00e9b\u00e9-3.jpg","width":1498,"height":1000,"mime_type":"image\/jpeg","source_url":"https:\/\/www.galeriegrenadine.com\/angers\/wp-content\/uploads\/sites\/12\/2014\/09\/Photographe-enfant-et-b\u00e9b\u00e9-3.jpg"}},"image_meta":{"aperture":"0","credit":"","camera":"","caption":"","created_timestamp":"0","copyright":"","focal_length":"0","iso":"0","shutter_speed":"0","title":"","orientation":"0","keywords":[]}},"post":32,"source_url":"https:\/\/www.galeriegrenadine.com\/angers\/wp-content\/uploads\/sites\/12\/2014\/09\/Photographe-enfant-et-b\u00e9b\u00e9-3.jpg","_links":{"self":[{"href":"https:\/\/www.galeriegrenadine.com\/angers\/wp-json\/wp\/v2\/media\/825","targetHints":{"allow":["GET"]}}],"collection":[{"href":"https:\/\/www.galeriegrenadine.com\/angers\/wp-json\/wp\/v2\/media"}],"about":[{"href":"https:\/\/www.galeriegrenadine.com\/angers\/wp-json\/wp\/v2\/types\/attachment"}],"author":[{"embeddable":true,"href":"https:\/\/www.galeriegrenadine.com\/angers\/wp-json\/wp\/v2\/users\/2"}],"replies":[{"embeddable":true,"href":"https:\/\/www.galeriegrenadine.com\/angers\/wp-json\/wp\/v2\/comments?post=825"}]}}

https://www.galeriegrenadine.com/angers/wp-content/uploads/sites/12/2014/09/Photographe-enfant-et-bébé-3.jpg

Photographe enfant et bébé-3

<p class="attachment"><a href='https://www.galeriegrenadine.com/angers/wp-content/uploads/sites/12/2014/09/Photographe-enfant-et-bébé-3.jpg'><img decoding="async" width="600" height="400" src="https://www.galeriegrenadine.com/angers/wp-content/uploads/sites/12/2014/09/Photographe-enfant-et-bébé-3-600x400.jpg" class="attachment-medium size-medium" alt="Photographe enfant et bébé 77" /></a></p>

Photographe enfant et bébé 77

2014/09/Photographe-enfant-et-bébé-3.jpg

Photographe-enfant-et-bébé-3-300x200.jpg

https://www.galeriegrenadine.com/angers/wp-content/uploads/sites/12/2014/09/Photographe-enfant-et-bébé-3-300x200.jpg

Photographe-enfant-et-bébé-3-600x400.jpg

https://www.galeriegrenadine.com/angers/wp-content/uploads/sites/12/2014/09/Photographe-enfant-et-bébé-3-600x400.jpg

Photographe-enfant-et-bébé-3-768x512.jpg

https://www.galeriegrenadine.com/angers/wp-content/uploads/sites/12/2014/09/Photographe-enfant-et-bébé-3-768x512.jpg

Photographe-enfant-et-bébé-3-1024x1000.jpg

https://www.galeriegrenadine.com/angers/wp-content/uploads/sites/12/2014/09/Photographe-enfant-et-bébé-3-1024x1000.jpg

Photographe-enfant-et-bébé-3-420x280.jpg

https://www.galeriegrenadine.com/angers/wp-content/uploads/sites/12/2014/09/Photographe-enfant-et-bébé-3-420x280.jpg

Photographe-enfant-et-bébé-3-1080x720.jpg

https://www.galeriegrenadine.com/angers/wp-content/uploads/sites/12/2014/09/Photographe-enfant-et-bébé-3-1080x720.jpg

Photographe-enfant-et-bébé-3-510x340.jpg

https://www.galeriegrenadine.com/angers/wp-content/uploads/sites/12/2014/09/Photographe-enfant-et-bébé-3-510x340.jpg

Photographe-enfant-et-bébé-3-400x600.jpg

https://www.galeriegrenadine.com/angers/wp-content/uploads/sites/12/2014/09/Photographe-enfant-et-bébé-3-400x600.jpg

Photographe-enfant-et-bébé-3.jpg
